1 - 18 - 19 + 15 - 6*g. Let m(l) = -11*l - 105. Let v(x) = -7*b(x) + 4*m(x). Let k be v(-22). Let d(t) = -t**2 - 3*t + 1. Determine d(k).
-9
Let t = -538 - -541. Let x(h) be the second derivative of 1/20*h**5 + 0*h**2 + 17*h - 1/6*h**t + 0*h**4 + 0. Determine x(2).
6
Suppose 2*z + 66 = 4*h, -3*z + z = 5*h - 60. Let q(u) = -3*u**2 + 42*u + 5. Let o be q(h). Let i(w) = w**3 - 4*w**2 - 5*w - 7. Give i(o).
-7
Let h = -15845 - -15839. Let b(r) = -r**2 + r + 30. Give b(h).
-12
Let s(w) = -2*w**2 - 2*w + 19. Suppose -66 = 1083*d - 1072*d. Calculate s(d).
-41
Let y = 3268 + -1905. Let j(t) = -3*t - t**2 + y - 1355 - 4*t. Determine j(-7).
8
Let q = -19 + 9. Let i(v) = v - 5. Let m(x) be the third derivative of x**4/24 - x**3/2 + 2*x**2 - 116. Let z(n) = q*m(n) + 6*i(n). Give z(4).
-16
Let a = -46 + 54. Let c be (-6)/(-2) + 7/((-14)/a). Let k(s) = -13*s**3 - s**2 + 1. Give k(c).
13
Let h(t) be the first derivative of t**3/3 - 8*t**2 - 45*t - 3210. Determine h(18).
-9
Let v(y) = y**2 + 8*y - 2. Suppose 0 = 8*g + 12 + 28. Let h be g + 6 - 8/1. Calculate v(h).
-9
Let u = 25505 - 25490. Let l(p) = -p**3 + 14*p**2 + 21*p - 91. What is l(u)?
-1
Let b(u) = -u + 29. Let i(y) = 22*y - 240. Let c(d) = -5*b(d) + i(d). Give c(14).
-7
Let l(d) = d + 10. Let h be l(3). Suppose -4*t - 7 - h = 0. Let f(z) = -3*z + 11*z**2 - 4*z + 5*z + 6 - z**3 - 17*z**2. Calculate f(t).
-9
Let z(g) = -g**2 - 2*g + 1. Suppose -1247*q = -1283*q. Calculate z(q).
1
Let k(m) = -m**2 + 5*m + 3. Let s be (-2)/(-3) + 3/9. Let d be s/(-1 + (-32)/(-28)). Suppose -15 = -2*i - 4*u - d, 5*i = -2*u + 28. What is k(i)?
-3
Let r(d) be the third derivative of -3*d**4/8 + d**3/2 + d**2 - 1456*d - 2. Let m be (-3)/6*-4*-2. Give r(m).
39
Let m = 59 + -57. Suppose m*u - 48 = -44. Let o(l) = -8 + l + 23 - 9*l**u - 10 - 6. Determine o(1).
-9
Let m(a) = 73*a + 7884. Let v be m(-108). Let b(l) = 4*l + 152. Give b(v).
152
Suppose a - 2*d = -2*a, d = 4*a. Suppose a = -69*p + 77*p + 32. Let q(m) = m + 8. Give q(p).
4
Let y(c) = 7*c**3 + 17*c**2 - 49*c - 19. Let d(j) = -20*j**3 - 52*j**2 + 143*j + 59. Let b(v) = 6*d(v) + 17*y(v). What is b(-24)?
7
Let m(s) = -9*s - 2. Let r be (-12)/10*2*265/2. Let f = -317 - r. Calculate m(f).
-11
Suppose 5*u = 0, -4*j + 0*j - 2*u - 20 = 0. Let a(l) = 150 + l**2 + 5*l - 150. Calculate a(j).
0
Let i(x) = -4*x**3 + 6*x**2 - 11*x + 7. Let y(w) = 2*w**3 + w**2 - w - 1. Let d(f) = -i(f) - y(f). Determine d(3).
21
Let y be (-8)/(-6)*18*((-273)/(-56) + -5). Let s(q) = -26*q - 73. What is s(y)?
5
Suppose 2*f + 11*t = 6*t - 4, -5*f + 23 = -4*t. Let g(q) be the first derivative of 5*q**2/2 - 4*q - 12. Give g(f).
11
Let q(b) = -b**2 - 12*b + 20. Let l = 848 + -743. Suppose 17*w + l = 10*w. Calculate q(w).
-25
Let d(l) = l + 3. Let u = -134 + 190. Let n be ((12/(-12))/2)/((-5)/530). Let o = n - u. What is d(o)?
0
Let r(g) be the second derivative of g**5/20 - 7*g**4/3 + 13*g**3/3 + 9*g**2/2 + g - 189. What is r(27)?
-18
Let u(c) = 84*c - 22. Let m(k) = -135*k + 32. Let z(r) = -5*m(r) - 8*u(r). Calculate z(17).
67
Let x(t) = -t**2 - 15*t - 10. Suppose 4*p + 46 = -3*z, -2*p - 1539 = 2*z - 1509. Give x(z).
4
Let r(l) = -77*l - 383. Let y be r(-5). Let s(n) = -2*n - n + 1 - n**3 - n**3 - 12*n**2 + 16*n**2. Calculate s(y).
-5
Let j(w) be the first derivative of -w**4/4 - 4*w**3/3 + w**2/2 + w + 944. Give j(-2).
-9
Let q = -4626 - -4637. Let m(s) = -s**3 + 12*s**2 - 14*s + 31. Calculate m(q).
-2
Let v(j) = -6*j + 4. Suppose 3*i + 15 = -0*i - 9. What is v(i)?
52
Let f(p) = p**3 + 5*p**2 - 2*p - 7. Let h be f(-5). Let j(t) = -t**2 - 3*t + 8. Let q be j(-4). Let s(r) = -4*r + 3*r**2 - r + r + r + q. Calculate s(h).
22
Let c(j) = 3 - 4*j**2 + 268*j**3 - 131*j**3 - 136*j**3 - 4*j. Let p(o) = -o**3 + 34*o**2 - 35*o + 71. Let k be p(33). Calculate c(k).
8
Suppose -45 = 2*p - 57, -5*u + p - 26 = 0. Let g(o) be the third derivative of -o**6/120 - o**5/20 + 5*o**4/24 + 4*o**3/3 - o**2. Determine g(u).
4
Let h(i) = -2*i + 4. Let j be h(-5). Suppose -5 = -5*w + 5*r - 0*r, 2*w + r = j. Let k(p) = -1 + 136*p + 139*p - 279*p. Give k(w).
-21
Suppose -1 = 54*c - 53*c. Let x(w) be the third derivative of -2*w**4/3 - w**3/6 - 83*w**2. Calculate x(c).
15
Let c be 5 + -6 - (-2)/(-1). Let w(m) = m**3 - 2*m**2 - 14*m - 2. Let r be w(c). Let s(y) = 2*y + 3. What is s(r)?
-7
Let z(a) = -a**2 + 5*a - 4. Let u be z(5). Let j(f) = 6*f - 5. Let y(q) = -7*q + 9. Let t(d) = -4*j(d) - 3*y(d). What is t(u)?
5
Suppose 12*w + 12 = 16*w. Suppose 0 = -w*k - 4*k + 602. Let m = k - 83. Let l(d) = d**3 - 4*d**2 - d + 1. Determine l(m).
-11
Let v(w) be the second derivative of -w**5/20 + 13*w**4/12 + 13*w**3/6 + 10*w**2 - 557*w. Determine v(14).
6
Let g(f) be the first derivative of f**4/2 + 4*f**3 - 3*f**2 + 8*f - 138. Let k(o) = o**3 + 8*o**2 - 4*o + 5. Let t(l) = 5*g(l) - 8*k(l). Calculate t(2).
4
Let k(b) = -b**2 - 7 - 12*b - 6 - 4 + 4. Let u(n) = n + 2. Let x(w) = -k(w) - 5*u(w). Calculate x(-7).
3
Let g(n) = n**2 + 16*n + 6 - 6*n + 2. Suppose 0 = 61*u - 63*u + 103 - 119. Determine g(u).
-8
Suppose -2*a + 1712*g = 1717*g - 21, 0 = -3*a - g + 12. Let f(d) be the third derivative of 0 + 0*d - 20*d**2 - 13/24*d**4 + 0*d**a. Calculate f(1).
-13
Let u = 10 - 8. Let y be (-12)/2 - (u + -1). Let t(l) = -31*l**2 - l**3 - 6 + 38*l**2 - 2 - 15*l**2 - 8*l. Give t(y).
-1
Let q be (-24)/36*(-1)/(1/(-12)). Let a(t) = t**3 + 9*t**2 + 9*t - 1. What is a(q)?
-9
Let x(a) = 3*a**2 + 1 - 2*a**2 + 17 - 6*a + 17*a. Let h be x(-2). Suppose -2*w + 0*w = 4, l - w - 2 = h. Let r(s) = s**2 - s + 3. Give r(l).
3
Let k(n) = 3*n - 2. Let r(m) = 77*m**2 + m. Let c be r(-1). Let b(h) = 32*h - 850. Let v be b(29). Let d = v - c. Calculate k(d).
4
Let d = 168 - 174. Let k(s) = 7*s**3 + 10*s**2 - 5*s - 5. Let b(g) = 6*g**2 - g - 4 + 6*g**3 - 3*g + 3*g**2. Let t(i) = d*b(i) + 5*k(i). Calculate t(-3).
-7
Let j(h) = -2*h + 3. Suppose -w - 41 = -40. Let c be ((-135)/75)/(3/10*w). Calculate j(c).
-9
Let g = 3091 + -3086. Let f(n) = -2*n**2 - 2*n + 14. Give f(g).
-46
Let p(m) = 2*m + 5. Let r(l) = l**2 - l + 1. Let x be r(3). Let k be x*(27/(-7) + 4). Let d(f) = 1. Let n(s) = k*p(s) + 6*d(s). Give n(-8).
-5
Let y(u) = -u**3. Let x(n) = 8*n**2 - 9*n + 3. Let i(o) = -x(o) + 5*y(o). Let p(f) = f**3 + f**2 - f + 1. Let s(b) = -i(b) - 4*p(b). Give s(-5).
-1
Let h(y) = -y**3 + 8*y**2 - 7*y + 4. Let o be h(7). Suppose o*z - 48 = -2*z. Let u(x) = -z + 11*x - 5*x - 5*x + 20. Give u(0).
12
Suppose -16*v + 28*v + 29 = -43. Let j(d) = d**2 + 8*d + 2. What is j(v)?
-10
Let g(n) = -19*n**2 - 13*n - 57. Let v(p) = -5*p**2 - 3*p - 14. Let b(h) = 4*g(h) - 17*v(h). Calculate b(-3).
94
Suppose -6*r = -87 - 51. Suppose a + 64 = -5*m - 3*a, r = -2*m + a. Let s be ((-8)/m)/((-4)/6). Let i(o) = -7*o**3 - o**2. Determine i(s).
6
Let h(b) = -5*b - 1. Let w = 6 + -4. Let r be (-1 + 0/(-6))*w. Determine h(r).
9
Let n(z) = z**2 + 4*z - 2. Let v = 467 - 466. Let q be v*-6*(-4)/(-4). Give n(q).
10
Suppose -4*f = 2*k, -k + 8 = -4*f + 2. Let h(x) = -16*x + 5. Let d(c) = 61*c - 19. Let b(v) = 3*d(v) + 11*h(v). What is b(k)?
12
Let q = 21 - 16. Let h(d) = -5*d**2 + 3*d - 31. Let m(x) = 11*x**2 - 7*x + 68. Let b(s) = -13*h(s) - 6*m(s). What is b(q)?
-15
Let n(g) = 16*g**3 + 4*g**2 + 60*g + 4. Let q(r) = 7*r**3 + 2*r**2 + 27*r + 1. Let k(f) = 4*n(f) - 9*q(f). Give k(3).
7
Let l = 165 - 157. Let q(n) be the third derivative of -n**4/24 + 5*n**3/6 - 2*n**2 + 80. Calculate q(l).
-3
Let c be ((-18)/39 + 124/(-13))/(-1 - -3). Let s(n) = 42*n + 211. Give s(c).
1
Let s be 4 + (5 - (-5 + 5)). Let k be ((-2)/s)/((-16)/288). Let g(l) = -l - 1 + 5 - l + l**2. Calculate g(k).
12
Let q be (-40)/(-18) - (-2)/(-9). Let b(x) = -3 + q*x - 7 + 19 - 5. Calculate b(8).
20
Let s(f) be the second derivative of f**7/2520 - f**6/60 + 7*f**5/30 - 2*f**4 - f**2 - f + 23. Let u(n) be the third derivative of s(n). Calculate u(8).
-4
Let k(u) = -12 - 9*u - 114 - 119 - 14 + 20. What is k(-26)?
-5
Suppose 5*u + 10*a - 22 = 7*a, 3*a - 12 = 0. Let d(n) = 36*n - 24*n - 8*n**2 + 9*n**u - 19*n. Let m = -2 - -9. What is d(m)?
0
Let q(j) be the third derivative of -j**4/24 + 7*j**3/6 - 50680*j**2. Let u(a) = -4*a + 1. Let c be u(-2). Give q(c).
-2
Let r(d) be the second derivative of -d**4/24 + d**3/6 - 16*d**2 + 161*d. Let v(h) be the fir